{"id":59,"date":"2022-07-04T17:40:49","date_gmt":"2022-07-04T15:40:49","guid":{"rendered":"http:\/\/wozkiszuta.com\/?page_id=59"},"modified":"2022-07-08T18:52:59","modified_gmt":"2022-07-08T16:52:59","slug":"oferta-uslugi","status":"publish","type":"page","link":"https:\/\/wozkiszuta.com\/?page_id=59","title":{"rendered":"Us\u0142ugi"},"content":{"rendered":"\n<h2 class=\"wp-block-heading\">MOTORYZACJA<\/h2>\n\n\n\n<p>\u015awiadczymy us\u0142ugi w&nbsp;zakresie motoryzacji. Prowadzimy profesjonalny warsztat samochodowy, w&nbsp;kt\u00f3rym&nbsp;do\u015bwiadczeni mechanicy znajd\u0105 i&nbsp;dok\u0142adnie usun\u0105 wszystkie usterki.<\/p>\n\n\n\n<p>Zajmujemy si\u0119 wykonywaniem us\u0142ug w\u00f3zkami wid\u0142owymi, \u0142adowarkami oraz&nbsp;minikoparkami, prowadzimy r\u00f3wnie\u017c ich wynajem z&nbsp;operatorem lub bez. Posiadamy wiele maszyn o&nbsp;zr\u00f3\u017cnicowanej wysoko\u015bci podnoszenia i&nbsp;ud\u017awigu. Oferujemy tak\u017ce sprzeda\u017c i&nbsp;konserwacj\u0119 w\u00f3zk\u00f3w.<\/p>\n\n\n\n<p>Specjalizujemy si\u0119 w&nbsp;pomocy drogowej dla aut osobowych, ci\u0119\u017carowych i&nbsp;maszyn.<\/p>\n\n\n\n<h2 class=\"wp-block-heading\">W\u00d3ZKI WID\u0141OWE OD&nbsp;1,5-8 T<\/h2>\n\n\n\n<ul class=\"wp-block-list\"><li>wynajem,<\/li><li>sprzeda\u017c,<\/li><li>roz\u0142adunki, za\u0142adunki,<\/li><li>relokacje maszyn i&nbsp;urz\u0105dze\u0144<\/li><li>mo\u017cliwo\u015b\u0107 wynajmu w\u00f3zka z&nbsp;operatorem z&nbsp;wieloletnim do\u015bwiadczeniem lub samej maszyny,<\/li><li>posiadamy wiele w\u00f3zk\u00f3w o&nbsp;r\u00f3\u017cnym ud\u017awigu, jak i&nbsp;wysoko\u015bci podnoszenia.<\/li><li>konserwacje, dokumentacje DTR, asysta przy badaniach technicznych,<\/li><li>przegl\u0105dy techniczne, okresowe oraz&nbsp;naprawy mobilne,<\/li><li>posiadamy pras\u0119 hydrauliczn\u0105 do&nbsp;wymiany opon w&nbsp;w\u00f3zkach wid\u0142owych,<\/li><\/ul>\n\n\n\n<h2 class=\"wp-block-heading\">\u0141ADOWARKI<\/h2>\n\n\n\n<ul class=\"wp-block-list\"><li>\u0142adowarki teleskopowe : <ul><li>JCB 531-70 &#8211; ud\u017awig 3,1 T wysoko\u015b\u0107 podnoszenia 7 m,<\/li><li>JCB 535-125 &#8211; ud\u017awig 3,5 T wysoko\u015b\u0107 podnoszenia 12,5 m,<\/li><li>JCB 540-140 &#8211; ud\u017awig 4 T wysoko\u015b\u0107 podnoszenia 14 m,<\/li><\/ul><\/li><\/ul>\n\n\n\n<ul class=\"wp-block-list\"><li>\u0142adowarki ko\u0142owe, przegubowe firmy: <ul><li>Kramer, <\/li><li>Wacker Neuson,<\/li><li>Cat 904, <\/li><li>Volvo -wyposa\u017cone w wid\u0142y, \u0142y\u017ck\u0119, \u0142y\u017cko-krokodyl do obornika,<\/li><\/ul><\/li><li>wynajem z\u00a0operatorem lub samej maszyny,<\/li><li>za\u0142adunek zb\u00f3\u017c oraz\u00a0innych materia\u0142\u00f3w sypkich,<\/li><li>podawanie palet na\u00a0pi\u0119tra, stropy, dachy<\/li><li>\u00a0prace prze\u0142adunkowe<\/li><li>\u0142adowarka jest wyposa\u017cona w\u00a0wid\u0142y paletowe, \u0142y\u017ck\u0119 i\u00a0kosz wysoko\u015bciowy,<\/li><li>posiadamy uprawnienia do\u00a0konserwacji \u0142adowarek teleskopowych,<\/li><li>wykonujemy przegl\u0105dy techniczne,okresowe oraz\u00a0naprawy mobilne,<\/li><li>sporz\u0105dzamy dokumentacje DTR, zapewniamy asyst\u0119 przy badaniach technicznych.<\/li><\/ul>\n\n\n\n<h2 class=\"wp-block-heading\">MINIKOPARKI<\/h2>\n\n\n\n<ul class=\"wp-block-list\"><li>wynajem minikoparki <ul><li>CAT 301.4 C,\u00a0<\/li><li>CAT 301,6, <\/li><li>CAT 301.8, <\/li><li>CAT 302.7C, <\/li><li>CAT 305 CR,<\/li><\/ul><\/li><li>wyposa\u017cone w\u00a0\u0142y\u017ck\u0119 30, 60, skarpow\u0105 oraz\u00a0zrywak do\u00a0korzeni,<\/li><li>mo\u017cliwo\u015b\u0107 wynajmu samej maszyny lub wykonania konkretnej us\u0142ugi<\/li><li>wykopy pod\u00a0fundamenty, ogrodzenia, korytowanie pod\u00a0kostk\u0119 brukow\u0105,<\/li><li>r\u00f3wnanie terenu oraz\u00a0usuwanie korzeni.<\/li><li>koszt dowozu ustalany indywidualnie.<\/li><\/ul>\n\n\n\n<h2 class=\"wp-block-heading\">POMOC DROGOWA<\/h2>\n\n\n\n<ul class=\"wp-block-list\"><li>holowanie motocykli i\u00a0quad\u00f3w,<\/li><li>holowanie aut osobowych,<\/li><li>transport maszyn rolniczych,<\/li><li>transport maszyn budowlanych,<\/li><li>holowanie ci\u0105gnik\u00f3w siod\u0142owych,<\/li><li>przew\u00f3z\u00a0nietypowych \u0142adunk\u00f3w, np.\u00a0domk\u00f3w holenderskich itp.<\/li><\/ul>\n\n\n\n<h2 class=\"wp-block-heading\">WARSZTAT SAMOCHODOWY<\/h2>\n\n\n\n<ul class=\"wp-block-list\"><li>zatrudniamy wykwalifikowan\u0105 kadr\u0119 pracownik\u00f3w z&nbsp;zakresu mechaniki samochodowej,<\/li><li>serwis klimatyzacji (naprawa uk\u0142adu, sprawdzanie szczelno\u015bci,<br>nabijanie czynnika, odgrzybianie, ozonowanie),<\/li><li>komputerowa geometria k\u00f3\u0142 (3D),<\/li><li>diagnostyka system\u00f3w elektroniki samochodowej,<\/li><li>wymiana oleju gratis (olej + filtr zakupiony w&nbsp;firmie),<\/li><li>mo\u017cliwo\u015b\u0107 zam\u00f3wienia cz\u0119\u015bci, opon w&nbsp;atrakcyjnych cenach,<\/li><li>naprawy mechaniczne,<\/li><li>wymiana opon,<\/li><li>awaryjne otwieranie pojazd\u00f3w.<\/li><\/ul>\n","protected":false},"excerpt":{"rendered":"<p>MOTORYZACJA \u015awiadczymy us\u0142ugi w&nbsp;zakresie motoryzacji. Prowadzimy profesjonalny warsztat samochodowy, w&nbsp;kt\u00f3rym&nbsp;do\u015bwiadczeni mechanicy znajd\u0105 i&nbsp;dok\u0142adnie usun\u0105 wszystkie usterki. Zajmujemy si\u0119 wykonywaniem us\u0142ug w\u00f3zkami wid\u0142owymi, \u0142adowarkami oraz&nbsp;minikoparkami, prowadzimy<\/p>\n","protected":false},"author":1,"featured_media":0,"parent":0,"menu_order":0,"comment_status":"closed","ping_status":"closed","template":"","meta":{"ngg_post_thumbnail":0,"footnotes":""},"class_list":["post-59","page","type-page","status-publish","hentry"],"yoast_head":"<!-- This site is optimized with the Yoast SEO plugin v25.1 - https:\/\/yoast.com\/wordpress\/plugins\/seo\/ -->\n<title>Us\u0142ugi -<\/title>\n<meta name=\"robots\" content=\"index, follow, max-snippet:-1, max-image-preview:large, max-video-preview:-1\" \/>\n<link rel=\"canonical\" href=\"https:\/\/wozkiszuta.com\/?page_id=59\" \/>\n<meta property=\"og:locale\" content=\"pl_PL\" \/>\n<meta property=\"og:type\" content=\"article\" \/>\n<meta property=\"og:title\" content=\"Us\u0142ugi -\" \/>\n<meta property=\"og:description\" content=\"MOTORYZACJA \u015awiadczymy us\u0142ugi w&nbsp;zakresie motoryzacji. Prowadzimy profesjonalny warsztat samochodowy, w&nbsp;kt\u00f3rym&nbsp;do\u015bwiadczeni mechanicy znajd\u0105 i&nbsp;dok\u0142adnie usun\u0105 wszystkie usterki. Zajmujemy si\u0119 wykonywaniem us\u0142ug w\u00f3zkami wid\u0142owymi, \u0142adowarkami oraz&nbsp;minikoparkami, prowadzimy\" \/>\n<meta property=\"og:url\" content=\"https:\/\/wozkiszuta.com\/?page_id=59\" \/>\n<meta property=\"article:modified_time\" content=\"2022-07-08T16:52:59+00:00\" \/>\n<meta name=\"twitter:card\" content=\"summary_large_image\" \/>\n<meta name=\"twitter:label1\" content=\"Szacowany czas czytania\" \/>\n\t<meta name=\"twitter:data1\" content=\"3 minuty\" \/>\n<script type=\"application\/ld+json\" class=\"yoast-schema-graph\">{\"@context\":\"https:\/\/schema.org\",\"@graph\":[{\"@type\":\"WebPage\",\"@id\":\"https:\/\/wozkiszuta.com\/?page_id=59\",\"url\":\"https:\/\/wozkiszuta.com\/?page_id=59\",\"name\":\"Us\u0142ugi -\",\"isPartOf\":{\"@id\":\"https:\/\/wozkiszuta.com\/#website\"},\"datePublished\":\"2022-07-04T15:40:49+00:00\",\"dateModified\":\"2022-07-08T16:52:59+00:00\",\"breadcrumb\":{\"@id\":\"https:\/\/wozkiszuta.com\/?page_id=59#breadcrumb\"},\"inLanguage\":\"pl-PL\",\"potentialAction\":[{\"@type\":\"ReadAction\",\"target\":[\"https:\/\/wozkiszuta.com\/?page_id=59\"]}]},{\"@type\":\"BreadcrumbList\",\"@id\":\"https:\/\/wozkiszuta.com\/?page_id=59#breadcrumb\",\"itemListElement\":[{\"@type\":\"ListItem\",\"position\":1,\"name\":\"Home\",\"item\":\"https:\/\/wozkiszuta.com\/\"},{\"@type\":\"ListItem\",\"position\":2,\"name\":\"Us\u0142ugi\"}]},{\"@type\":\"WebSite\",\"@id\":\"https:\/\/wozkiszuta.com\/#website\",\"url\":\"https:\/\/wozkiszuta.com\/\",\"name\":\"\",\"description\":\"\",\"potentialAction\":[{\"@type\":\"SearchAction\",\"target\":{\"@type\":\"EntryPoint\",\"urlTemplate\":\"https:\/\/wozkiszuta.com\/?s={search_term_string}\"},\"query-input\":{\"@type\":\"PropertyValueSpecification\",\"valueRequired\":true,\"valueName\":\"search_term_string\"}}],\"inLanguage\":\"pl-PL\"}]}<\/script>\n<!-- \/ Yoast SEO plugin. -->","yoast_head_json":{"title":"Us\u0142ugi -","robots":{"index":"index","follow":"follow","max-snippet":"max-snippet:-1","max-image-preview":"max-image-preview:large","max-video-preview":"max-video-preview:-1"},"canonical":"https:\/\/wozkiszuta.com\/?page_id=59","og_locale":"pl_PL","og_type":"article","og_title":"Us\u0142ugi -","og_description":"MOTORYZACJA \u015awiadczymy us\u0142ugi w&nbsp;zakresie motoryzacji. Prowadzimy profesjonalny warsztat samochodowy, w&nbsp;kt\u00f3rym&nbsp;do\u015bwiadczeni mechanicy znajd\u0105 i&nbsp;dok\u0142adnie usun\u0105 wszystkie usterki. Zajmujemy si\u0119 wykonywaniem us\u0142ug w\u00f3zkami wid\u0142owymi, \u0142adowarkami oraz&nbsp;minikoparkami, prowadzimy","og_url":"https:\/\/wozkiszuta.com\/?page_id=59","article_modified_time":"2022-07-08T16:52:59+00:00","twitter_card":"summary_large_image","twitter_misc":{"Szacowany czas czytania":"3 minuty"},"schema":{"@context":"https:\/\/schema.org","@graph":[{"@type":"WebPage","@id":"https:\/\/wozkiszuta.com\/?page_id=59","url":"https:\/\/wozkiszuta.com\/?page_id=59","name":"Us\u0142ugi -","isPartOf":{"@id":"https:\/\/wozkiszuta.com\/#website"},"datePublished":"2022-07-04T15:40:49+00:00","dateModified":"2022-07-08T16:52:59+00:00","breadcrumb":{"@id":"https:\/\/wozkiszuta.com\/?page_id=59#breadcrumb"},"inLanguage":"pl-PL","potentialAction":[{"@type":"ReadAction","target":["https:\/\/wozkiszuta.com\/?page_id=59"]}]},{"@type":"BreadcrumbList","@id":"https:\/\/wozkiszuta.com\/?page_id=59#breadcrumb","itemListElement":[{"@type":"ListItem","position":1,"name":"Home","item":"https:\/\/wozkiszuta.com\/"},{"@type":"ListItem","position":2,"name":"Us\u0142ugi"}]},{"@type":"WebSite","@id":"https:\/\/wozkiszuta.com\/#website","url":"https:\/\/wozkiszuta.com\/","name":"","description":"","potentialAction":[{"@type":"SearchAction","target":{"@type":"EntryPoint","urlTemplate":"https:\/\/wozkiszuta.com\/?s={search_term_string}"},"query-input":{"@type":"PropertyValueSpecification","valueRequired":true,"valueName":"search_term_string"}}],"inLanguage":"pl-PL"}]}},"_links":{"self":[{"href":"https:\/\/wozkiszuta.com\/index.php?rest_route=\/wp\/v2\/pages\/59","targetHints":{"allow":["GET"]}}],"collection":[{"href":"https:\/\/wozkiszuta.com\/index.php?rest_route=\/wp\/v2\/pages"}],"about":[{"href":"https:\/\/wozkiszuta.com\/index.php?rest_route=\/wp\/v2\/types\/page"}],"author":[{"embeddable":true,"href":"https:\/\/wozkiszuta.com\/index.php?rest_route=\/wp\/v2\/users\/1"}],"replies":[{"embeddable":true,"href":"https:\/\/wozkiszuta.com\/index.php?rest_route=%2Fwp%2Fv2%2Fcomments&post=59"}],"version-history":[{"count":10,"href":"https:\/\/wozkiszuta.com\/index.php?rest_route=\/wp\/v2\/pages\/59\/revisions"}],"predecessor-version":[{"id":249,"href":"https:\/\/wozkiszuta.com\/index.php?rest_route=\/wp\/v2\/pages\/59\/revisions\/249"}],"wp:attachment":[{"href":"https:\/\/wozkiszuta.com\/index.php?rest_route=%2Fwp%2Fv2%2Fmedia&parent=59"}],"curies":[{"name":"wp","href":"https:\/\/api.w.org\/{rel}","templated":true}]}}